et t be m(-4). Let q be 3*2/((-6)/1) - t. Suppose -p - q*g = -154, -4*g + 1 + 7 = 0. List the prime factors of p.
2, 37
Suppose 2*f - 4*u = 12, 3*u = 7*f - 4*f - 9. Suppose 3*x + 3*p - 1557 = f, -x = -p - 414 - 115. What are the prime factors of x?
2, 131
Let j(u) = 3*u**2 - u - 10. Let s be j(-2). Suppose s*k = -k + 2465. What are the prime factors of k?
17, 29
What are the prime factors of 2/29 - (7986584/(-232) + 18)?
3, 3823
Let k(w) = 37*w**2 + 3*w + 14. Let y be k(-5). Suppose -10*g + 6*g = -y. Let x = g + -152. List the prime factors of x.
79
Suppose -5496942 = -68*x - 152175 + 247281. What are the prime factors of x?
2, 3, 7, 11, 89
Suppose -z = -2*l - 37, 0 = -20*z + 16*z - l + 157. Suppose 27*q + 1428 = z*q. List the prime factors of q.
7, 17
Let f be (10/(-30)*3)/((-2)/12). List the prime factors of (-3)/f*(-750 - 0/2).
3, 5
Let h(c) = -3*c**2 - 245*c - 456. List the prime factors of h(-49).
2, 41, 53
Let d(f) = 16*f + 26. Let w(c) = -c - 1. Let q(o) = 2*d(o) + 18*w(o). Let p be q(7). List the prime factors of 33/(-2)*p/(-18).
11
Suppose 140*n + 25767 = 282527. What are the prime factors of n?
2, 7, 131
Let b(o) = 2240*o - 1174. What are the prime factors of b(7)?
2, 7253
Suppose -i = 4*i + f - 61730, 5*i + 3*f - 61730 = 0. List the prime factors of i.
2, 6173
Let j(i) = 2*i**2 + 18*i + 9. Let p be j(15). Let k = p + -403. List the prime factors of k.
2, 163
Let x(v) = 6*v - 4. Suppose 523 = 14*g + 159. What are the prime factors of x(g)?
2, 19
Suppose 44*q + 64970 = 56*q - 175822. What are the prime factors of q?
2, 79, 127
Suppose 4*q - 3*n - 126 = q, -5*n - 15 = 0. Let d = q - 35. List the prime factors of 128/(-24)*(-102)/d.
2, 17
Suppose -1341*d - 357696 = -1395*d. List the prime factors of d.
2, 3, 23
Suppose 2*g = b + 10, -3*g = 3*b - 4*g + 35. List the prime factors of b/(-14)*7 - -524.
2, 5, 53
Suppose -3*i = -0*i - 3072. Let p(d) = d**3 + 7*d**2 - 8*d + 4. Let a be p(-8). Suppose 0 = k + 3*k + a, k - i = -5*r. What are the prime factors of r?
5, 41
Let n be (45/10)/((-2)/(-16)). Let o = n + -30. Let b = o + -2. List the prime factors of b.
2
Suppose 51339 = 5*x - 2*w, -4*w - 5421 = -x + 4836. List the prime factors of x.
3, 7, 163
Suppose 9*o - 8049 = 16926 + 30033. What are the prime factors of o?
2, 191
Let g(a) be the third derivative of -713*a**4/24 + 11*a**3/3 - 26*a**2. List the prime factors of g(-1).
3, 5, 7
Let g = -50 + 52. Suppose -g*m - 2 = -12. Suppose 5*j - w + 39 = 329, -2*j + 93 = -m*w. What are the prime factors of j?
59
Suppose 261*v + 102*v + 583680 = 1990305. List the prime factors of v.
5, 31
Let z be -57 - (-10)/2 - 2/(-2). Let b = z - -54. Suppose a - 5*d - 12 = -0*a, -b*a - 2*d + 104 = 0. What are the prime factors of a?
2
Suppose -3*w + 19 = g + 4, -2*w = -2*g - 18. Let h be (-303)/(-27) - 2 - w/27. Let c(u) = u**3 - 5*u**2 - 21*u - 11. List the prime factors of c(h).
2, 31
Suppose -77*b - 33873 + 131308 = -12*b. List the prime factors of b.
1499
Let y be 2*((-3)/(-2) - 1). Suppose -2*o - 5*m = -77, 3*o - m = 2*m + 105. List the prime factors of y*4*3/(o/366).
2, 61
Suppose -30564 = 7*f - 11*f + 5*j, 4*f + j - 30588 = 0. What are the prime factors of (-100)/(-750) + f/30?
3, 5, 17
Let n be 3/4 + 407/44. Suppose -n*w + 2*f = -9*w - 1213, 0 = -4*f + 20. What are the prime factors of w?
1223
Let x be -3 + 5/((-25)/(-20)). Suppose -x + 5 = 2*q. Suppose -q*a - 50 = -3*a - 4*y, 0 = 5*a + 3*y - 335. What are the prime factors of a?
2, 5, 7
Let z = 36 - 35. Let o be (1 + z)/(-2 + 0) + 52. Suppose -305 = -5*t - 3*q + 34, t = 5*q + o. List the prime factors of t.
2, 3, 11
Suppose 2*p + 628291 = 25*p. List the prime factors of p.
59, 463
Let c = 10735 - 3158. What are the prime factors of c?
7577
Suppose q + 9 = -5*u - 1, -2*q + 4*u = -22. Suppose k + 1148 = q*k. Suppose -4*s + 4*n = -348, 2*n - 120 = -5*s + k. List the prime factors of s.
83
Suppose 5*y - 3*u = 7*y + 34, -u - 19 = y. Let l = y - -22. List the prime factors of 2/6*(41 - l).
2, 7
Let m(o) = -o**3 + 9*o**2 - 8*o. Let q be m(8). Suppose q = 5*b - 3*k - 1847, 14*b - 5*k + 347 = 15*b. What are the prime factors of b?
367
Let g be (20/5)/(8/6). Suppose g*c = -5*k + 1788, -2*k = 2*c - 4*c - 712. What are the prime factors of k?
3, 7, 17
Let n(y) = 7*y**2 + 7*y + 15. Let d(p) = p**2 + p - 1. Let k(o) = -2*d(o) + n(o). Let m be k(-6). Let g = 58 + m. List the prime factors of g.
3, 5
List the prime factors of ((-4)/2 + 43659/(-135))*(-5 + 0).
1627
Let m be (-1)/(133/262 - 17/34). Let k = m + 138. List the prime factors of k.
7
List the prime factors of (-1)/(-6) + (-172986820)/(-3720).
2, 23251
Suppose -8 = -2*w - 0*w. Suppose 0*g + 28 = w*g. Suppose 65 = 3*h - g. List the prime factors of h.
2, 3
Let d = 363 - 347. Suppose -67 = d*s - 5027. List the prime factors of s.
2, 5, 31
Let q be ((-25907)/(-14))/((-1)/(-2)). Let p = q + -2507. What are the prime factors of p?
2, 3, 199
Suppose -3*a + 35951 = -4*i, -2*a - 19*i = -21*i - 23970. List the prime factors of a.
19, 631
Suppose 4*m - 2 = -4*s + 2, -4*m + 5 = 5*s. Let u be 0 + (-5)/(-5) + m. Suppose -39 = -2*h + i, -5*h + 4*i + u = -95. What are the prime factors of h?
2, 5
What are the prime factors of ((-7798960)/91)/(-5) - 16/28?
2, 5, 857
Suppose 6*c - 72342 - 2017 = 5*q, -12427 = -c - 4*q. List the prime factors of c.
3, 4133
Let o(y) = 24 - 6*y - y - 2*y - y. Let b be o(2). Suppose 4*u - 941 = -5*g, 4*g + b*u - 4 = 752. What are the prime factors of g?
5, 37
Let q be 15/(-20)*(-3 + -1). Suppose 0 = -13*p + 12*p + q. Suppose -5*r + p*r = -6. What are the prime factors of r?
3
Let v = 24 + 19. Suppose 2*c - 1 = h, 8 = 5*h + 5*c + v. What are the prime factors of 8/10 + 11439/45 + h?
2, 5
Suppose 156*f - 10*f = 119282. List the prime factors of f.
19, 43
Let b = 165 - 157. Suppose 7080 = b*p + 4*p. List the prime factors of p.
2, 5, 59
List the prime factors of (-291925)/(-35) - (594/77 + -8).
19, 439
Let v(z) be the second derivative of z**3/2 + 10*z**2 + 12*z. Let q be v(-5). Suppose 0*o + 2*o + d - 59 = 0, -5*o - q*d + 150 = 0. List the prime factors of o.
29
Suppose -26*o + 69*o - 35035 = -12*o. List the prime factors of o.
7, 13
Let y = 11568 - 1134. What are the prime factors of y?
2, 3, 37, 47
What are the prime factors of (1 - (-3 + 443))/((-92)/3312)?
2, 3, 439
Let m(v) = 14*v - 5*v - 2*v**2 + 7*v**3 - 5 - 2*v. What are the prime factors of m(2)?
3, 19
Let u be 19 + -12 - (-1)/(-1). Let x = -10 + u. Let i = 80 - x. What are the prime factors of i?
2, 3, 7
Let v = -50750 + 91495. What are the prime factors of v?
5, 29, 281
Let g(f) = 27*f + 390. Let o be -3*(6 + -11 - -7). List the prime factors of g(o).
2, 3, 19
Suppose 3*v + s + 2 = 13, 20 = 4*s. Let k be 2 - -75 - (v - 1). Suppose k = 3*y - f, -2*y - 2*f + 43 = -13. What are the prime factors of y?
2, 13
Suppose -f + 5*f - a = 1220, 3*f - 5*a = 932. Let n = 215 + f. What are the prime factors of n?
3, 173
Suppose c + 17 = -r + 2, 5*c + 3*r = -79. Let t(i) = 4*i**2 - 5*i**2 - 9 - 9*i - 15*i. List the prime factors of t(c).
2, 5, 11
List the prime factors of (-18)/(-63)*((-31346)/(-4) - 0).
2239
Let i be ((-4)/6)/(2/(-162)). Suppose -y + i = 8*y. Suppose 4*a + 156 = y*a. What are the prime factors of a?
2, 3, 13
Suppose 39*p = 148890 + 582269 + 1266694. List the prime factors of p.
11, 4657
Let u(o) = o**3 - 19*o**2 + 37*o - 4. Let g(z) = -z**3 - 4*z**2 - 4*z - 1. Let b be g(-4). Let i be u(b). Let a = -228 - i. List the prime factors of a.
11
Suppose 0*r - 4*g - 25348 = -r, 3*r + 5*g = 75976. List the prime factors of r.
2, 3, 2111
Let k(x) = x**3 + 7*x**2 + 8*x - 37. Let u(d) = 3*d**3 + 22*d**2 + 23*d - 110. Let r(j) = 8*k(j) - 3*u(j). List the prime factors of r(-11).
2, 3, 5, 7
Let w(f) = 1055*f**2 + 20*f - 124. What are the prime factors of w(9)?
233, 367
Suppose -18*m + 3526 + 3728 = 0. What are the prime factors of m?
13, 31
Suppose -5*a + 131310 = 3*a + 10*a. List the prime factors of a.
5, 1459
Let k(j) = -15*j + 12. Let d be k(-15). Suppose -238*i + 7 = -d*i. What are the prime factors of i?
7
Suppose 89*i - 86*i + 5*h - 91628 = 0, 0 = 2*h + 16. What are the prime factors of i?
2, 7639
Suppose -5*j - 40 = 0, 2*i - 3*j = 6*i - 163016. List the prime factors of i.
2, 5, 1019
Let n(k) = 12*k**3 + 2*k**2 + k - 2. Let r be (6/5)/